e -r = 4*r - 320. What is the remainder when r is divided by c?
9
Let d = -5 + 16. Suppose 0*l - 5*u = l + d, -3*l = 4*u. Suppose 0 = -l*j + j + 222. Calculate the remainder when j is divided by 20.
14
Let t = -66 - -56. Let k(f) = -6*f - 20. Calculate the remainder when k(t) is divided by 27.
13
Let l = -1083 - -1563. Suppose -6*a = -a - l. What is the remainder when a is divided by 2/3 + (-43326)/(-2241)?
16
Suppose -6*d = -1666 + 1126. Calculate the remainder when d is divided by 38.
14
Let y(u) = -2*u**3 - 8*u**2 + 3*u + 13. Let k(h) = 2*h**3 + 7*h**2 - 2*h - 12. Let o(v) = -3*k(v) - 2*y(v). What is the remainder when 521 is divided by o(-4)?
57
Let v(i) = -i**3 - 9*i**2 + 43*i - 6. Let a be v(-13). Suppose 4*r + l = 561, -4*r + 674 = 3*l + a. Calculate the remainder when r is divided by 34.
4
Let y(f) = -f**2 - 61*f - 614. Calculate the remainder when 209 is divided by y(-13).
9
Suppose 44*c + g + 725 = 47*c, 4*c - 973 = -5*g. Calculate the remainder when c is divided by 83.
76
Suppose 3*k - 440 = -5*x, 9*x - 2*k = 5*x + 352. Let w = x + -99. Calculate the remainder when ((-11)/2)/(w/110) is divided by 20.
15
Let u = -4 + 3. Suppose 0 = -g - 3*b + 29, -5*g + 281 - 201 = 2*b. What is the remainder when g is divided by 10*u*(-4)/5?
6
Let j(s) = 99*s - 13. Let w be j(-2). Let m = -173 - w. What is the remainder when m is divided by 13?
12
Suppose -41*b - 135 = -50*b. Suppose -b*j + 104 = -76. Calculate the remainder when j is divided by 11.
1
What is the remainder when -3*2 - -44*12/288*78 is divided by 75?
62
Let m(x) = -x**2 - 19*x - 2. Calculate the remainder when m(-8) is divided by 3/18 - ((2422/(-12))/7 + -1).
26
Let x(g) = 137*g + 558. What is the remainder when 4898 is divided by x(-4)?
8
Let p be -1 + 3 + 332 + -2. Suppose 0*b - 5*b = 4*k - 360, -4*k = -2*b - p. Calculate the remainder when k is divided by (-58)/(-2)*((-108)/(-6) + -17).
27
Let h = -12 - -22. Let q = -285 + 499. Suppose -3*u = -t - q + 73, 3*t + 55 = u. What is the remainder when u is divided by h?
6
Suppose -34*v - 2983 = -44*v + 3727. Calculate the remainder when v is divided by 9.
5
Suppose 0*w - 48 = 2*w. Let h(o) = 3*o + 103. Calculate the remainder when h(w) is divided by 11.
9
Suppose 88067 + 156268 = 35*a. What is the remainder when a is divided by 72?
69
Suppose -8*x + 410 = -6*x + 5*a, 160 = x - 5*a. What is the remainder when 517 is divided by x?
137
Let s = -1528 - -1535. Suppose 4*d - 56 = -b - 3*b, 3*b + 5*d = 46. Calculate the remainder when b is divided by s.
5
Let q(z) = 2*z**3 + 21*z**2 + 11*z - 147. Calculate the remainder when 5556 is divided by q(-4).
14
Let p = -3874 + 3989. What is the remainder when p is divided by 15?
10
Suppose -4*x + 5*q = -49, 0 = 4*x + 41*q - 36*q - 79. Let w(u) = -u**2 - 10*u + 3. Calculate the remainder when w(-7) is divided by x.
8
Let b be (9 + -3)*9/(-2). Suppose -42*x - 39*x - 576 = -73*x. Let o = b - x. What is the remainder when o is divided by 8?
5
Suppose -q = 10 - 18. Suppose 0 = 2*h + 2*z - 290, -290 = q*h - 10*h + 4*z. Calculate the remainder when h is divided by 51.
43
Suppose 4*w = 2*d + 1048, -4*w + 1064 = 13*d - 11*d. Calculate the remainder when 529 is divided by w.
1
Let h = -94 + 279. Let k = 53 - 36. Calculate the remainder when h is divided by k.
15
Let f = 42 + -10. Suppose -9*c = -13*c - f. Calculate the remainder when 2/(-1) - 490/(c - -3) is divided by 25.
21
Let i(g) = 2*g**3 - 115*g**2 + 278*g - 127. What is the remainder when 452 is divided by i(55)?
34
Let n(h) = -4*h**2 + 9*h + 78. Let k(u) = 3*u**2 - 9*u - 78. Let m(p) = 3*k(p) + 2*n(p). What is the remainder when 55 is divided by m(15)?
7
Suppose 6*i - 10 = -5*r + i, -1 = r + 4*i. Let w = 188 + -186. Suppose -g - 3*u + 0 + 7 = 0, -w*u - 4 = 0. Calculate the remainder when g is divided by r.
1
Calculate the remainder when 361 is divided by (16 - 0) + (0 - -10).
23
Let w = 10 - -9. Let c = 3392 - 3203. What is the remainder when c is divided by w?
18
Let j(d) = d**3 - 32*d**2 - 129*d - 285. Calculate the remainder when j(36) is divided by 51.
0
Suppose -5*j = 2*l - 1, 4 = 3*l + 4*j - 8. Suppose -2*n + 70 = -5*c - 0*c, 0 = -3*n - c + 122. Calculate the remainder when n is divided by (2 - 16)*(-4)/l.
5
Let g(p) = -2*p**3 - 26*p**2 + 14*p - 48. Let r be g(-18). Suppose -17*q + r = 13*q. Let v(f) = -16*f + 1. What is the remainder when q is divided by v(-1)?
13
Let i be (-144)/(-216)*(-9)/2. Let n(g) = 21*g**2 - g + 8. What is the remainder when n(i) is divided by 53?
41
Let o be (-320)/(-48) + 8/6. Let u(i) = i**3 - 6*i**2 - 11*i - 26. Calculate the remainder when u(o) is divided by (7/3)/(4/12).
0
Suppose -d = -5*a - 11, -5*a + 2 - 1 = d. Suppose -4*m + 3*v + 27 = 0, 7*v - d = 5*v. Suppose -3*c - m = -66. Calculate the remainder when 73 is divided by c.
16
Suppose 5*o - 1627 = -4*b, 0*o - 1295 = -4*o - b. What is the remainder when o is divided by ((-2)/(-42) - (-24 + (-6854)/(-1932)))*2?
36
Let s be -135 - (1 + 4 + -7). Let t = s - -233. Suppose -8*k = -5*k - 51. Calculate the remainder when t is divided by k.
15
Let t = 327 + -227. Let o(l) = -6324*l - 31594. What is the remainder when t is divided by o(-5)?
22
Let p be (8/10)/(2 - (-84)/(-45)). Suppose p*m - 77 = -11. Let x(h) = 5*h - 43. What is the remainder when x(12) is divided by m?
6
Let y(q) = -18*q + 165. Suppose -30*b + 2*b = -728. What is the remainder when y(5) is divided by b?
23
Let l(h) = -3*h**2 + 35*h + 1382. What is the remainder when 55147 is divided by l(28)?
7
Let x(i) = -6*i**2 - i + 5 + 5 + 3*i + 3 - i**3. Suppose 2*g - 19 - 31 = 0. What is the remainder when x(-7) is divided by g?
23
Let q be (-24)/(-56) - (-92)/14. Suppose q*z - 2*m = 2*z + 5627, 3*m = 5*z - 5623. What is the remainder when z is divided by 47?
46
Calculate the remainder when 1915 is divided by 12/(-45)*-15*(-2)/(-2)*5.
15
Suppose 0 = -3*f - 99 - 36. Let t = -13 - f. Suppose h - v - t = 0, 111 + 47 = 4*h + 2*v. What is the remainder when h is divided by 20?
17
Let g = 16328 + -16259. Calculate the remainder when 843 is divided by g.
15
Let b be -5 + (67 + -2 - (2 - 2)). Suppose 0 = b*f - 50*f - 370. Suppose -5*d = -4*d - 24. What is the remainder when f is divided by d?
13
Let i be (-5)/15 + (-254)/(-6). Let b = -49 + i. Calculate the remainder when 3 - b/(35/275) is divided by 10.
8
What is the remainder when (-2)/(-5) - 51604/(-190) is divided by 13?
12
Let w = -10 + 19. Let p(l) = 995*l - 13901. Calculate the remainder when p(14) is divided by w.
2
Suppose 0 = 11*v - 18*v + 322. What is the remainder when v is divided by 11?
2
Suppose 6*g - 5450 = -14*g + 3210. Calculate the remainder when g is divided by 31.
30
Suppose z - 1 = -32. Let p(r) = -29*r - 109. Calculate the remainder when p(z) is divided by 13.
10
Let j = 4293 + -4277. Calculate the remainder when 1945 is divided by j.
9
Let x = -833 + 927. Calculate the remainder when x is divided by 43.
8
Let d(y) = -y**3 - 50*y**2 - 545*y + 54. What is the remainder when 160 is divided by d(-34)?
72
Suppose 4*q - 217 - 231 = 0. Let a = 227 - q. Let p = 200 - a. Calculate the remainder when p is divided by 43.
42
Let c be (-3 + (-40)/(-12))/(2/60). Let g = c + 53. What is the remainder when g is divided by 10?
3
Let m(q) = 2*q + 54. Let g be 2/4*(-1196)/(-13). Let l = 53 - g. Calculate the remainder when m(l) is divided by 14.
12
Suppose 0 = 11*n - 58 - 19. Suppose 0 = -11*g + 485 + 2496. Calculate the remainder when g is divided by n.
5
Suppose -461*i + 1246552 + 408728 = 23*i. What is the remainder when i is divided by 98?
88
Let x(s) = -349*s + 1956. What is the remainder when 2531 is divided by x(5)?
210
Let k(p) = p**2 + 30*p + 14. Let x(l) = -l**2 - 5*l - 30. Let s be x(-5). Calculate the remainder when k(s) is divided by 4.
2
Let x = -86 - 127. Let l = 10 + 10. Calculate the remainder when (-8 + 6)/(6/x) is divided by l.
11
Let v(y) = -10*y**3 + 131*y**2 - 9*y - 17. Calculate the remainder when 938 is divided by v(13).
28
Let l be 15*6/20*(-72)/54. What is the remainder when 150 is divided by (l/5)/((-18)/765)?
48
Let n(o) = 5*o**2 - 22*o - 10. Let y be n(6). Let f = y - -124. What is the remainder when f is divided by 41?
39
Let z = 995 - 830. Suppose -126*o = -z*o + 6591. What is the remainder when o is divided by ((-2)/2)/(2/(-38))?
1